 Suppose -4*p - 4 = c, -16*p + 147 = 5*z - 13*p. Calculate the greatest common factor of 390 and z.
30
Suppose -1269 + 369 = 12*l. Let f = -22 - l. Let w = f - 29. Calculate the highest common divisor of w and 16.
8
Suppose 5 + 5 = 5*c. Let t be c/6 - (-56)/3. Calculate the highest common factor of t and 57.
19
Suppose d - 3*f - 23 = 2*f, 3*f = d - 15. Let m be (-18)/(-8)*8/d. Suppose m*k = 30 + 24. What is the highest common divisor of 1 and k?
1
Let f = 32 + -27. Suppose -a = 4*h - 132, f*h = -0*h + 5*a + 140. Let l(p) = -3*p - 1. Let s be l(-3). What is the highest common factor of s and h?
8
Let b = 7298 + -7283. What is the highest common factor of b and 48?
3
Let v = 138 + -81. Let t = 1067 - 1048. Calculate the highest common factor of t and v.
19
Suppose 0 = 3*t + t - 32. What is the greatest common divisor of t and 254?
2
Let j be (-32)/5*(-3690)/12. Suppose 90*r - 84*r = j. Calculate the greatest common factor of r and 41.
41
Let t be 12/(-66) + 40/(-22). Let s = -4 - t. Let m be (6/2 - 5)*7*s. What is the highest common divisor of 196 and m?
28
Suppose 5*f + 16*f = f. Suppose 6*h - 49 - 221 = f. Calculate the highest common factor of 25 and h.
5
Let z = 8795 - 2055. Calculate the highest common divisor of z and 140.
20
Let l = 397 - 253. Let p = 95356 + -95266. What is the greatest common factor of p and l?
18
Let z = 4419 + -4355. Let b = 7 + -12. Let q be 6 + (0 - (b - -3)). Calculate the highest common factor of q and z.
8
Suppose -24*g + 22*g = 5*s - 2634, 4*s - 5*g - 2127 = 0. What is the highest common factor of 605 and s?
11
Suppose -68*i + 447 = -9141. Let v(m) = 3*m**2 + 16*m - 13. Let k be v(12). Calculate the greatest common factor of i and k.
47
Suppose -4 = -2*d, -3*q = 4*d - 27 - 17. Suppose -g = 3*g + 3*g. Let p(h) = -12*h + 36. Let z be p(g). What is the greatest common factor of z and q?
12
Let a(f) = -f**2 - 83*f - 468. Let r be a(-12). What is the highest common divisor of 2048 and r?
128
Let j be ((-93)/(-3))/(8/(-2560)*5)*-1. Calculate the highest common divisor of j and 320.
64
Let o be 4 - (50/(-5) - 14). Suppose 130 = 3*y - 542. Calculate the greatest common divisor of y and o.
28
Suppose -11*d - 40 = -19*d. Let t be (17 + -2)/d*(-76)/(-3). What is the greatest common divisor of t and 19?
19
Suppose 0 = -665*l + 697*l - 1568. Calculate the greatest common divisor of l and 4508.
49
Let s = 112 + 17. Let n(q) = -41*q + 2. Let y be n(-1). What is the highest common divisor of s and y?
43
Suppose 9 = 4*t - 27. Suppose 4*r - t = 135. Let o(n) = n**3 + 11*n**2 - 3*n - 36. Let s be o(-8). What is the greatest common divisor of r and s?
36
Suppose 21 = 163*j - 156*j. Suppose 56 = 5*v - v. Suppose -j*b + 62 = v. What is the highest common divisor of 48 and b?
16
Suppose -36*o = -37*o + 15. Let v(t) = 14*t - 58. Let c be v(o). Calculate the highest common factor of 8 and c.
8
Suppose -46*k + 49*k + 243 = 0. Let j = 94 + k. What is the greatest common factor of j and 143?
13
Let u be (-2)/(-12) + 509769/702 + (-2)/6. Calculate the highest common factor of 264 and u.
66
Let k = -6 - -22. Suppose -31799*x + 31758*x = -11152. Calculate the greatest common divisor of x and k.
16
Let g be 0/(-2)*4/4*-1. Suppose g = 6*q - q - 190. Suppose 4*r + 0*a - a = 58, -2*r + 5*a + q = 0. What is the greatest common divisor of 14 and r?
14
Let k(r) = 339*r - 138. Let x be k(4). Calculate the greatest common factor of x and 116.
58
Let i(c) = 3*c**2 - 3*c + 18. Let v be i(-6). Calculate the greatest common factor of 656 and v.
16
Let z = -153 + 156. Suppose -25*x + 27*x = z*s - 270, 4*x = -12. Calculate the greatest common factor of s and 220.
44
Suppose 29*g = 43*g - 42. Let i be (g/(-2))/((-78)/364). Calculate the greatest common factor of 77 and i.
7
Suppose 2*n - 117 = 3*l, 4*l + 3*n = n - 156. Let x = l - -263. What is the highest common divisor of x and 14?
14
Let c be ((-8)/6)/(12/(-27)) - 0. Suppose -4*s = 5*b + 17, -c*b - 15 = -0*b. Let t be 15/(-15)*((-14)/1)/s. What is the greatest common factor of t and 77?
7
Let x = 64 - -282. Let m = x - 327. Calculate the highest common factor of 1 and m.
1
Suppose -3*r - 3*h = -2*h - 141, -47 = -r - 2*h. Let l be 2 - (20 + (-9)/(-3)). Let q = r + l. Calculate the highest common divisor of 13 and q.
13
Let v = 6289 + -6277. Calculate the greatest common factor of 1356 and v.
12
Let h be (-1 + 2)*0*(1 - 0). Suppose 2*r - q = 305, 4*q = r - h*q - 170. Calculate the highest common divisor of r and 45.
15
Let d be (-138)/(-9) - (-20)/30. Suppose -3*g = g - d. Calculate the greatest common factor of g and 1.
1
Suppose 4*y - 15 = -3*a, 3*a - 4 = -2*y + 5. Let q be (-96)/(-50) - (-35 - 42777/(-1225)). What is the greatest common factor of q and y?
1
Let t(q) = -1970*q + 25602. Let j be t(0). Calculate the greatest common factor of j and 51.
51
Let b(w) = -5*w - 2. Let p be b(-6). Let z(y) = 5*y**3 - 24*y**2 + 32*y - 212. Let v be z(6). Calculate the greatest common divisor of p and v.
28
Let r = 65 - 74. Let q be -3 + (-74)/(-3) - (-6)/r. Suppose 5*g - q = 144. What is the highest common divisor of 363 and g?
33
Let y be -8 - -2 - ((-24885)/7 - 0). Calculate the highest common factor of y and 845.
169
Let s(z) = 4042*z**2 - 12119*z + 3. Let v be s(3). Let h = -851 - -1319. Calculate the greatest common factor of v and h.
12
Let w = 1 + 2. Suppose -20 = 2*p - 28. Suppose w = p*v - 17. What is the greatest common factor of 1 and v?
1
Let g(r) = -4*r**2 - 14*r - 25. Let b be g(-9). Let c = b - -307. What is the greatest common divisor of 36 and c?
12
Let x = 51 - 25. Let i be 1 + 4/(-2) - -69. Let t = i - 29. Calculate the highest common divisor of x and t.
13
Let o(f) = -2*f**2 - 4*f + 17. Let r be o(-19). Let m = r - -650. What is the greatest common factor of m and 45?
3
Let k(b) = b - 6. Let z be k(18). Suppose 720 = z*y - 3*y. What is the highest common factor of 20 and y?
20
Suppose 3*h + h + 4*y = 164, 0 = 4*h - 2*y - 134. Let q = 126311 - 126308. Calculate the greatest common factor of q and h.
3
Suppose 163 = 5*x - 4*h, -x = -3*x + 2*h + 66. Suppose -30*m = -x*m + 172. Let r = 18 - -25. What is the highest common factor of r and m?
43
Suppose 0 = -3*o + m + 50, -76 = 4*o - 9*o - 2*m. Let y be 12/(-24)*(1 + -499). Let q = y + -169. Calculate the highest common divisor of o and q.
16
Suppose -3*u + 0 = 2*d + 7, -4*d + 1 = 3*u. Let z be -21*(u + 2)/(1 + 0). Let p = z - 51. Calculate the highest common factor of p and 36.
12
Let w be 3/9 - (-143)/3. Let g be (-9)/27*33 + 83. Calculate the greatest common divisor of g and w.
24
Let r be 9 + -6 - 19*-1. Let q(f) = 2*f**3 - 10*f**2 + f + 44. Let z be q(0). Calculate the greatest common factor of r and z.
22
Let i be 5*1/(-1)*-4. Suppose -3 = 3*a - 27. Let y be (58/a - -1) + (-17)/68. Calculate the greatest common divisor of y and i.
4
Let b = 16 + 59. Suppose -g - 1802 = -1847. Calculate the highest common factor of g and b.
15
Suppose -21*x + 32 = -1438. Calculate the greatest common factor of x and 30.
10
Let q(j) = -37*j**2 + 31*j - 32. Let t be q(1). Let p(g) = 4*g + 208. Let u be p(t). What is the greatest common divisor of u and 42?
14
Let s = 75 + -35. Let x = -13 + 93. Suppose 22*f - 26*f + x = 0. What is the greatest common factor of f and s?
20
Let t be 1/2*(-36)/(-2). Suppose 5*d + 4*u + 7979 = 7984, -3*d + 3*u + 57 = 0. Calculate the highest common divisor of d and t.
9
Let c(q) = 76*q - 36. Let n be c(5). Calculate the highest common divisor of n and 774.
86
Let x(o) = -3 + 18*o + 9 - 3*o + 3*o. Let t be x(3). Suppose 0*r = -3*r + t. What is the greatest common factor of r and 4?
4
Let w = -91 - -130. Let n = 142 - -225. Let k = -328 + n. What is the greatest common divisor of k and w?
39
Suppose 0 = 4*j + 3*c - 71, 83 = 5*j + 2*c + 3. Let l = -5294 + 9100. Let i be (-1)/((-5)/4) + l/55. What is the greatest common factor of j and i?
14
Let q(n) = 5*n**2 + 0*n - 19*n - 3 - 1 + 9*n. Let w be q(3). Calculate the greatest common factor of 187 and w.
11
Suppose 2*s = 4*s - 3*v - 60, 0 = s + 4*v - 19. Let z be (-1)/(-2 + 54/26). Let m = s + z. What is the highest common factor of m and 14?
14
Let y = 20630 + -20579. Let s be (-1*34)/(2/(-4)). What is the highest common divisor of y and s?
17
Let z = 2999 - 2976. Suppose 22 = -3*l + 91